. Calculate the greatest common factor of d and 279.
279
Suppose 102*t = -149*t + 20582. Calculate the highest common divisor of 3526 and t.
82
Let f(p) = -p**2 + 34*p - 234. Let k(j) = -j**2 + 48. Let o be k(6). Let n be f(o). Calculate the greatest common factor of 6 and n.
6
Suppose -2*v = 12, -187*v = -6*m - 186*v + 1842. What is the greatest common divisor of 204 and m?
102
Suppose 18974*t - 1040 = 18958*t. Let d(u) = u**3 + 18*u**2 - 21*u - 3. Let h be d(-16). Calculate the highest common factor of h and t.
65
Let w be -2 + -1 + 4 + 31. Suppose 5*r + 3*q = 64, 3*r + 3*q - 27 - 9 = 0. Suppose -16*n = -r*n - 8. What is the greatest common divisor of w and n?
4
Let b = 62 - 6. What is the highest common factor of 420 and b?
28
Let d be 3/(5 - 2) - (3 + -2). Suppose -2*w - k + 57 = 0, d*w - 2*k + 56 = 2*w. What is the highest common divisor of w and 377?
29
Let w(z) = 1168*z**2 - 44*z - 9. Let b be w(2). What is the greatest common divisor of 50 and b?
25
Suppose 0 = -4*g + 4*f + 36, 0 = 2*g - 3*f - 16 - 7. Suppose 3*k - 148 = -g*p + 160, 12 = -3*k. Calculate the highest common divisor of 16 and p.
16
Let u = 122 - 64. Let v = u + 29. Suppose -4*f = 5*m - v, 2*f - m = 3*f - 22. Calculate the greatest common divisor of 69 and f.
23
Suppose -33*x + 4*x + 13392 = -2*x. What is the greatest common divisor of x and 186?
62
Suppose 199 = l + y, -9*l + 8*l = 4*y - 214. Calculate the highest common divisor of l and 1261.
97
Let n be (-2)/(-3)*12*1. Suppose -7 = -70*j + 63. Let g be j/n + (-2109)/(-152). What is the highest common divisor of g and 98?
14
Suppose -3*a - x + 66410 = 13772, -a + x = -17554. Calculate the greatest common divisor of a and 164.
164
Suppose -73 = 3*g - 85. Suppose 6*y - y - 122 = -g*w, -5*y = -5*w + 130. What is the greatest common factor of w and 112?
28
Let g be ((-4)/(-18))/((-33)/(-297)). Suppose g*n + 30 + 109 = z, 5*n = -15. Calculate the highest common divisor of 14 and z.
7
Suppose -9*p + 6*m = -12*p + 81, 0 = -p - m + 20. Suppose -17*l + 4615 = -12*l. Calculate the greatest common factor of l and p.
13
Suppose -13958 + 5173 = -133*n + 6111. What is the greatest common divisor of n and 4592?
112
Suppose -12*a = -296*a + 72420. What is the greatest common divisor of a and 60?
15
Let w = 19888 + -12760. Calculate the highest common divisor of w and 1320.
264
Suppose -26 = -4*p - 2*y, -p = 2*p - y - 17. Let l be p/16 - 42351/(-152). What is the greatest common factor of l and 31?
31
Let f = -239 + 232. Let g be (-5 + f*22)*2/(-6). Calculate the greatest common divisor of g and 106.
53
Let b = 114 + -81. Let p = -14 - -38. Suppose -4*a = -3*n + 70, 7 - p = -n - 5*a. Calculate the greatest common factor of b and n.
11
Let t(g) be the second derivative of -2*g**2 + 1/6*g**4 + 7/6*g**3 + 38*g + 0 + 1/20*g**5. Let m be t(3). What is the greatest common factor of m and 248?
62
Suppose 0 = -4*m - 16, -m = -8*x + 5*x + 6913. Suppose -364*g - x = -371*g. Calculate the highest common factor of 7 and g.
7
Let d(i) = -i**3 + 9*i**2 - i - 17. Let p be d(8). Let t = -45 - p. Let w = t + 96. Calculate the greatest common divisor of 2 and w.
2
Let w(b) = -b**2 - 46*b. Let d be w(-46). Let v = d + 319. Let f(x) = x**2 - 2*x + 5. Let p be f(-4). Calculate the highest common factor of v and p.
29
Suppose -74*h = -62*h - 6900. Let q = 767 - h. What is the highest common factor of q and 72?
24
Let q = -5 - -3. Let c be (5/(50/(-56)))/(q/80). What is the greatest common divisor of 14 and c?
14
Suppose 4940 + 269 = 179*o - 519. What is the highest common divisor of 3056 and o?
16
Let d(j) = 16*j + 7. Let y(w) = w**3 - 11*w**2 - 10*w - 21. Let i be y(12). Let o be d(i). Let b = 63 - o. Calculate the highest common factor of 8 and b.
8
Let h = 151 - 170. Let y = 20 + h. Calculate the greatest common divisor of y and 13.
1
Let f be (9/4)/(3/88). Suppose 282 + 30 = -1870*v + 1922*v. Calculate the greatest common divisor of v and f.
6
Suppose 179*k + 139*k = 12507 + 49185. Let y(v) = 9*v**2 + 7*v - 5. Let d be y(7). Calculate the highest common factor of d and k.
97
Suppose o + 5*n = -32, -4*o - 5*n + 8*n - 82 = 0. Let h = o + 27. Suppose c = -11 + 61. Calculate the highest common divisor of h and c.
5
Let j be 1 + 0 - (0/1 - (8 - -3)). What is the greatest common factor of 1884 and j?
12
Let h = -4561 - -4598. What is the greatest common factor of h and 74?
37
Suppose 4 = -4*a + m, 0 = -5*a - m + 4. Let d be (0 - (-2 + 1)) + 6. Suppose a*g - 1470 = -d*g. Calculate the greatest common factor of 42 and g.
42
Suppose 11*x = 32*x - 453516. Suppose 0 = 29*q - x - 5374. What is the greatest common factor of 30 and q?
30
Let d(f) be the second derivative of -f**5/20 + 3*f**4/4 + f**3/2 + 7*f**2 + 7*f. Let r be d(7). Calculate the highest common factor of 38 and r.
19
Let l(g) = g**3 + 3*g**2 - 14*g - 5. Let p be l(-6). Let o = 6 - p. Let c(a) = -8*a - 5. Let y be c(-5). Calculate the highest common divisor of o and y.
35
Let h(t) = -72*t - 240. Let l be h(-5). What is the highest common factor of l and 2120?
40
Suppose 4*z - t = 59, -1813*t - 39 = -3*z - 1814*t. What is the greatest common factor of 105 and z?
7
Suppose -693 = -8*m + 10 + 1217. Calculate the greatest common factor of m and 1728.
48
Let s be ((-137)/15 - 12*(-16)/1440) + 185. Calculate the greatest common divisor of 12716 and s.
44
Let o be 284/(-2) + (0/(-4) - 4). Let t = -137 - o. What is the highest common divisor of t and 9?
9
Let y(g) = 136*g. Let x be y(4). Suppose 0 = -2*m + 8, -904*p + 2*m + 26 = -902*p. What is the highest common factor of p and x?
17
Let q(u) = -u**3 + 6*u**2 - 3*u - 5. Let b be q(4). Suppose b*t + 1419 = 18*t. Calculate the greatest common divisor of t and 11.
11
Suppose -1409 = 17*r - 5761. Suppose 5 + 1 = 3*x. Let k be x - 30/1*-1. What is the greatest common factor of r and k?
32
Let p = 30 + 150. Suppose 48 = p*l - 178*l. What is the greatest common divisor of l and 36?
12
Let j(z) = -6*z - 27. Let r be j(-12). Let x be 142/6 + 1/3. Suppose k = 3*h + x, 5*h - h + 42 = 2*k. Calculate the greatest common factor of k and r.
15
Let q(j) = 4*j**2 - 6*j**2 - 7*j**2 - 46*j + 7 + 17*j - j**3. Let f be q(-8). Calculate the greatest common divisor of f and 100.
25
Suppose 0*l = -7*l + 1618 - 1527. Suppose -370 = -4*g + 462. Calculate the highest common divisor of l and g.
13
Let l(x) = 106*x - 1777. Let g be l(17). What is the greatest common divisor of g and 49?
1
Suppose 26*k - 105 = 7*k + 351. What is the greatest common divisor of 123 and k?
3
Let a be (-25)/((205/(-369))/((-2)/(-3))). Calculate the highest common factor of a and 3480.
30
Let p = 33 - 45. Let g = 11 - p. Suppose 3*r + d - 69 = 0, d = -r - d + g. What is the greatest common divisor of 230 and r?
23
Suppose -4*f = 5*n - 2665, -1504 = -3*n - 4*f + 95. Let k = n - 437. Calculate the highest common factor of k and 528.
48
Let d(b) = 3*b + 255. Let h be d(-8). What is the greatest common divisor of h and 6?
3
Let t(q) = 12*q**2 + 6*q - 16. Let w be t(4). Suppose -3*u - 134 + w = 0. Calculate the greatest common divisor of u and 11.
11
Suppose -4 = -5*l - 2*c, -l = 3*l + 5*c - 10. Let z(h) = -h**3 + 2*h**2 - 5*h + 496. Let f be z(l). What is the greatest common divisor of 62 and f?
62
Let j be (15/(-35))/((-2)/182). Suppose -j*a = -40*a + 160. Calculate the highest common divisor of 96 and a.
32
Suppose -m = -2*z + 31, -5*m - 5*z = 144 + 41. Let k = m - -71. Calculate the highest common divisor of k and 54.
18
Suppose -9*t + 3*t = -24. Suppose t*v = -3*o + 244, -13*v + 15*v = 5*o + 148. Calculate the greatest common factor of 4 and v.
4
Suppose -144*n + 92*n + 11388 = 0. What is the highest common factor of n and 1679?
73
Let m = -78 + 580. Let n = -237 + m. Calculate the highest common factor of 5 and n.
5
Suppose -18*c = 2208 - 6438. What is the highest common factor of 20 and c?
5
Suppose 7756 - 37075 = -337*b. What is the greatest common divisor of 29319 and b?
87
Suppose -3*i + 155 = 5*f, i = -489*f + 486*f + 49. Calculate the greatest common divisor of i and 5753.
11
Let f(z) = -z**3 - 30*z**2 + 37*z - 464. Let v be f(-32). Suppose -4*q + 125 = q. What is the highest common factor of q and v?
25
Let l = 42 + -24. Suppose 3*b - 170 - 46 = 0. What is the highest common divisor of b and l?
18
